?
0
What is the units digit of 37036?
6
What is the ten thousands digit of 27563?
2
What is the thousands digit of 10485?
0
What is the ten thousands digit of 11676?
1
What is the units digit of 799?
9
What is the tens digit of 2477?
7
What is the units digit of 7415?
5
What is the thousands digit of 47941?
7
What is the units digit of 151?
1
What is the thousands digit of 5036?
5
What is the tens digit of 57213?
1
What is the tens digit of 3663?
6
What is the units digit of 15497?
7
What is the thousands digit of 4477?
4
What is the tens digit of 1267?
6
What is the hundreds digit of 1258?
2
What is the hundreds digit of 1166?
1
What is the tens digit of 49914?
1
What is the units digit of 4792?
2
What is the tens digit of 12178?
7
What is the tens digit of 4185?
8
What is the tens digit of 1019?
1
What is the tens digit of 4057?
5
What is the tens digit of 23767?
6
What is the thousands digit of 8961?
8
What is the units digit of 4388?
8
What is the thousands digit of 3851?
3
What is the tens digit of 48695?
9
What is the hundreds digit of 20800?
8
What is the hundreds digit of 1106?
1
What is the hundreds digit of 69016?
0
What is the thousands digit of 5860?
5
What is the units digit of 296?
6
What is the tens digit of 1557?
5
What is the ten thousands digit of 41907?
4
What is the units digit of 138?
8
What is the thousands digit of 2242?
2
What is the ten thousands digit of 127978?
2
What is the tens digit of 1823?
2
What is the units digit of 6412?
2
What is the units digit of 1657?
7
What is the thousands digit of 2176?
2
What is the tens digit of 5289?
8
What is the units digit of 55528?
8
What is the thousands digit of 2642?
2
What is the hundreds digit of 367?
3
What is the hundreds digit of 13848?
8
What is the hundreds digit of 15905?
9
What is the thousands digit of 6917?
6
What is the hundreds digit of 2668?
6
What is the units digit of 51209?
9
What is the thousands digit of 1041?
1
What is the tens digit of 1472?
7
What is the hundreds digit of 676?
6
What is the thousands digit of 3042?
3
What is the tens digit of 533?
3
What is the units digit of 4574?
4
What is the tens digit of 2603?
0
What is the tens digit of 812?
1
What is the ten thousands digit of 40887?
4
What is the units digit of 99993?
3
What is the hundreds digit of 23631?
6
What is the hundreds digit of 1807?
8
What is the ten thousands digit of 56345?
5
What is the ten thousands digit of 137604?
3
What is the tens digit of 102352?
5
What is the hundreds digit of 241?
2
What is the hundred thousands digit of 159986?
1
What is the tens digit of 967?
6
What is the hundreds digit of 4279?
2
What is the hundred thousands digit of 176811?
1
What is the tens digit of 1100?
0
What is the hundreds digit of 295?
2
What is the thousands digit of 3203?
3
What is the ten thousands digit of 28925?
2
What is the units digit of 12263?
3
What is the hundreds digit of 64145?
1
What is the tens digit of 546?
4
What is the units digit of 6021?
1
What is the hundreds digit of 132673?
6
What is the hundreds digit of 5407?
4
What is the hundreds digit of 1398?
3
What is the thousands digit of 1507?
1
What is the tens digit of 62820?
2
What is the tens digit of 3037?
3
What is the hundreds digit of 8811?
8
What is the units digit of 23275?
5
What is the thousands digit of 2266?
2
What is the tens digit of 7444?
4
What is the units digit of 22016?
6
What is the units digit of 204?
4
What is the tens digit of 24090?
9
What is the tens digit of 18663?
6
What is the ten thousands digit of 35021?
3
What is the tens digit of 496?
9
What is the hundreds digit of 304?
3
What is the hundreds digit of 924?
9
What is the ten thousands digit of 12337?
1
What is the units digit of 26165?
5
What is the tens digit of 9648?
4
What is the thousands digit of 15508?
5
What is the hundreds digit of 9485?
4
What is the tens digit of 49070?
7
What is the tens digit of 1363?
6
What is the thousands digit of 8723?
8
What is the thousands digit of 1993?
1
What is the hundreds digit of 4520?
5
What is the units digit of 22473?
3
What is the tens digit of 13390?
9
What is the units digit of 2602?
2
What is the thousands digit of 5105?
5
What is the ten thousands digit of 151678?
5
What is the ten thousands digit of 66374?
6
What is the tens digit of 424?
2
What is the hundreds digit of 28248?
2
What is the thousands digit of 1806?
1
What is the units digit of 2076?
6
What is the hundreds digit of 6598?
5
What is the units digit of 7637?
7
What is the tens digit of 40749?
4
What is the tens digit of 1722?
2
What is the hundreds digit of 99781?
7
What is the units digit of 354?
4
What is the thousands digit of 37953?
7
What is the thousands digit of 20041?
0
What is the tens digit of 612?
1
What is the tens digit of 9840?
4
What is the thousands digit of 2045?
2
What is the thousands digit of 1090?
1
What is the ten thousands digit of 22923?
2
What is the thousands digit of 28099?
8
What is the tens digit of 55670?
7
What is the units digit of 87348?
8
What is the units digit of 3969?
9
What is the hundreds digit of 1716?
7
What is the ten thousands digit of 25581?
2
What is the hundreds digit of 1275?
2
What is the tens digit of 103448?
4
What is the thousands digit of 68985?
8
What is the tens digit of 1648?
4
What is the hundreds digit of 5610?
6
What is the units digit of 3993?
3
What is the tens digit of 3817?
1
What is the units digit of 6914?
4
What is the ten thousands digit of 60675?
6
What is the tens digit of 4397?
9
What is the hundreds digit of 9158?
1
What is the thousands digit of 9203?
9
What is the tens digit of 16351?
5
What is the thousands digit of 4737?
4
What is the units digit of 64?
4
What is the thousands digit of 4563?
4
What is the tens digit of 3072?
7
What is the units digit of 637?
7
What is the tens digit of 2455?
5
What is the thousands digit of 30783?
0
What is the thousands digit of 2081?
2
What is the thousands digit of 29521?
9
What is the units digit of 4242?
2
What is the units digit of 13656?
6
What is the tens digit of 1648?
4
What is the tens digit of 3680?
8
What is the ten thousands digit of 19411?
1
What is the units digit of 29777?
7
What is the tens digit of 2326?
2
What is the tens digit of 1927?
2
What is the units digit of 21318?
8
What is the thousands digit of 20199?
0
What is the hundreds digit of 29171?
1
What is the units digit of 723?
3
What is the ten thousands digit of 37348?
3
What is the ten thousands digit of 18023?
1
What is the units digit of 1956?
6
What is the hundreds digit of 17714?
7
What is the thousands digit of 31140?
1
What is the thousands digit of 2699?
2
What is the hundreds digit of 4928?
9
What is the thousands digit of 12521?
2
What is the units digit of 8312?
2
What is the units digit of 543?
3
What is the units digit of 1517?
7
What is the thousands digit of 54748?
4
What is the tens digit of 1019?
1
What is the units digit of 4215?
5
What is the tens digit of 4676?
7
What is the hundreds digit of 554?
5
What is the tens digit of 1695?
9
What is the ten thousands digit of 161615?
6
What is the tens digit of 2615?
1
What is the ten thousands digit of 34846?
3
What is the hundreds digit of 1104?
1
What is the tens digit of 329?
2
What is the ten thousands digit of 10590?
1
What is the hundreds digit of 211?
2
What is the tens digit of 441?
4
What is the hundreds digit of 31356?
3
What is the thousands digit of 4022?
4
What is the ten thousands digit of 130389?
3
What is the hundreds digit of 3897?
8
What is the hundreds digit of 5416?
4
What is the units digit of 3858?
8
What is the ten thousands digit of 114010?
1
What is the thousands digit of 5699?
5
What is the ten thousands digit of 58437?
5
What is the tens digit of 2627?
2
What is the units digit of 15086?
6
What is the hundreds digit of 32040?
0
What is the hundreds digit of 35906?
9
What is the hundreds digit of 453?
4
What is the ten thousands digit of 64387?
6
What is the hundreds digit of 924?
9
What is the units digit of 8580?
0
What is the tens digit of 51052?
5
What is the hundreds digit of 72239?
2
What is the units digit of 768?
8
What is the hundreds digit of 2301?
3
What is the hundreds digit of 120027?
0
What is the tens digit of 605?
0
What is the thousands digi